prime factors of p(o).
2, 5
Let v be (-980)/(-8) - (-4)/(-8). Suppose -3*n = 2*p - 5*n - v, -98 = -2*p - 4*n. What are the prime factors of p?
3, 19
Suppose 3 = p - 4*j, 2*p - 3*p - j - 12 = 0. Let n = -14 - p. Let i = 11 - n. List the prime factors of i.
2
Let j(f) = -5*f - 21. Let m(i) = -i**2 + 4*i - 4. Let o = -5 + 10. Let w be m(o). What are the prime factors of j(w)?
2, 3
Let p = 15 - 10. Suppose -3*b = -3*v - 291, b = -v + p*v + 82. What are the prime factors of b?
2, 3, 17
Suppose -g - 9*g = -40. Suppose -5*h + 944 + 212 = -g*m, 4*h + 4*m = 896. What are the prime factors of h?
2, 3, 19
List the prime factors of (-1 + (-2)/1)/(10/(-3260)).
2, 3, 163
Let h = -4533 + 7338. List the prime factors of h.
3, 5, 11, 17
Let v be (-30)/(-8) + 2/8. Suppose 280 = 15*x - 10*x. Suppose v*n = 4*r + x, -n + 26 = 2*n + 5*r. What are the prime factors of n?
2, 3
Suppose c - 15893 = -4*w, w + 748*c = 750*c + 3980. What are the prime factors of w?
2, 1987
Let a = -263 - -398. Suppose 41*m - a = 36*m. List the prime factors of m.
3
Suppose 3*r + 312 = -0*i + 5*i, -4*r - 16 = 0. Let l be (-2)/(3/(i/(-8))). Suppose -h - 24 = -3*z, -26 = -l*z + h + 12. What are the prime factors of z?
7
Let i(s) be the first derivative of s**3/2 - 6*s**2 - 4*s - 4. Let k(w) be the first derivative of i(w). What are the prime factors of k(9)?
3, 5
Let f(p) = 9*p**2 - 9*p - 6. Let k be f(-3). What are the prime factors of (-20)/70 - k/(-14)?
7
Let d = -5642 + 9180. List the prime factors of d.
2, 29, 61
Let u(o) = -41*o + 30*o**2 + 4 - 3*o**3 + 4*o**3 + 6*o. What are the prime factors of u(-31)?
2
Suppose -2*c = -393 - 295. Suppose -2*o - o - 4*p + 251 = 0, 0 = -4*o - 3*p + c. What are the prime factors of o?
89
Let q(a) = 37*a**2 + 42*a + 171. List the prime factors of q(-6).
3, 139
Let i = 1071 - 255. What are the prime factors of i?
2, 3, 17
Suppose -7*i = -3*i - 2100. Suppose 4*s = -3*s + i. List the prime factors of s.
3, 5
Suppose -2*r = -18*r + 5424. List the prime factors of r.
3, 113
Let w(h) = -h**3 - 7*h**2 + 8. Suppose 4*s - 16 = 4*z, -4*s = 2*z + 3*z + 47. What are the prime factors of w(z)?
2
Let i(x) = x**3 + 4*x**2 + 3*x + 1. Let n be i(-8). Let q be (-2)/(-4) + n/(-18). What are the prime factors of (-8)/q - (-90)/4?
2, 11
Suppose 0 = -15*p + 172 + 803. Suppose -63*w - 256 = -p*w. List the prime factors of w.
2
Suppose -3*m + 20 = 6*r - 2*r, 10 = 2*r. Let q = 0 + 5. Suppose -s - q*b + 82 = m, 220 = 4*s - 5*b - 8. List the prime factors of s.
2, 31
Suppose 34 = 2*a - x, 4*a - 3*x - 29 = 41. What are the prime factors of (106 - -4)/(-2 + a/6)?
3, 5, 11
Suppose 2*d - 2 + 4 = 3*f, -4*d + 5*f - 2 = 0. What are the prime factors of (d/(-5))/((-4)/860)?
2, 43
Suppose -5*p = -0 - 10. Suppose -3*n + 3*l + 146 = -l, p*l + 142 = 3*n. List the prime factors of n.
2, 23
Let j(u) be the second derivative of -u**5/20 + 7*u**4/12 + 3*u**3/2 + 7*u**2/2 + 13*u. List the prime factors of j(6).
97
Suppose 47*x + 28 = 54*x. What are the prime factors of 1 - -251 - 28/(x - -3)?
2, 31
Let g(p) = 52*p**2 - 32*p - 142. What are the prime factors of g(-5)?
2, 659
Suppose 2*h = d - 8, 2*d - 19 = -0*d + 5*h. Let i be 3/d + 2/4. List the prime factors of i/(-3) - (-256)/24.
2, 5
What are the prime factors of (-4 - -2)/2 + 256*2?
7, 73
Let d = -186 - -260. Suppose -8*p = d - 826. What are the prime factors of p?
2, 47
Let z = 110 + -98. Let w(j) = -11*j - 8*j**2 + 11 - 3*j**2 - 3*j**3 + 4*j**3. What are the prime factors of w(z)?
23
Let b = -19 + 3. Let y = -17 - b. Let v(u) = -45*u - 3. What are the prime factors of v(y)?
2, 3, 7
Let w be (-5)/(-1)*6/5. Let a(j) be the third derivative of j**5/30 - 5*j**4/24 - j**3/3 + 45*j**2. List the prime factors of a(w).
2, 5
Suppose 0 = -60*x + 12704 + 23716. List the prime factors of x.
607
Let f = 7 + -7. Let i be 6/3*9/6. Suppose i*o - 66 + 6 = f. What are the prime factors of o?
2, 5
Let i = -74 - -83. Let o = 163 + i. List the prime factors of o.
2, 43
Suppose -4*t - 32 = 16. Let a be t/4*(4 - 3). What are the prime factors of ((-30)/(-3) - a) + 3?
2
Let s(g) = g**2 - 2*g + 4. Let r(j) = -j**3 + 7*j**2 - j - 10. Let x be r(7). Let b = -11 - x. What are the prime factors of s(b)?
2, 7
Let q = -302 + 2170. List the prime factors of q.
2, 467
Let x(q) be the third derivative of -q**4/24 + q**3/3 - 21*q**2. Suppose 20 = -4*w - w. What are the prime factors of x(w)?
2, 3
List the prime factors of 6 - (1 + -3 - 374).
2, 191
Let x = -80 + 158. Let h = x - -40. What are the prime factors of (3/(-2) + 2)*h?
59
Suppose u - 2*u = -9. Let c(y) = -2 + 15*y - 3*y - y - 8*y. What are the prime factors of c(u)?
5
Suppose 12 = 5*p + i - 0*i, -2*i - 6 = -5*p. Let z(t) = 4 + 3*t**2 + t**3 - 2 - p*t**3. What are the prime factors of z(3)?
2
Let q(h) = 2*h**3 + 7*h**2 - 21*h + 3. List the prime factors of q(6).
3, 11, 17
Let y(d) = 3*d**2 - 6*d. Suppose 3*u + 3*v = -3, 7 = -5*u + v - 16. What are the prime factors of y(u)?
2, 3
Let k(q) = 2*q**2 - 14*q - 27. Let n(w) = -3*w**2 + 27*w + 53. Let o(t) = 5*k(t) + 3*n(t). List the prime factors of o(-11).
2, 3
Suppose -3*r + 12 = -g, 27 = -5*g + 5*r - 13. Let z = g + 9. Suppose -34 = -z*h + l, 7*l - 8*l - 24 = -2*h. What are the prime factors of h?
2, 5
Suppose -4*d + i = -28, d + 4*i - 8 = 16. Let h be (-15)/2*d/(-6). Suppose 2*u + m = h, 3*m - 20 - 3 = -5*u. What are the prime factors of u?
7
Let h(g) = -g**3 - 16*g**2 + 18*g + 22. Let f be h(-17). Suppose -80 = f*v - 7*v. What are the prime factors of v?
2, 5
Let s be 12 + -11 + 41*3. Suppose -4*y = -3*d + s - 24, -2*d + 4*y = -72. List the prime factors of 2/5*2590/d.
37
Let t be (33 - 25)*(-1)/2. Let o(l) = 2*l**2 - 7*l - 6. What are the prime factors of o(t)?
2, 3
Suppose 467*w - 9016 = 459*w. List the prime factors of w.
7, 23
Suppose -5*u + 4*x = -8*u + 802, -u + 264 = 3*x. What are the prime factors of u?
2, 3, 5
Let u be (5/(-4))/((-4)/16). Suppose -3*r - b = -3, -2*b - 5 - 3 = -r. Suppose f = u*c + 6*f - 110, r*f = -4*c + 84. What are the prime factors of c?
2, 5
Suppose 5*u - 10 = 0, 1072 = d - 3*u - 709. What are the prime factors of d?
1787
What are the prime factors of 590/((-1)/(-1) - 0)?
2, 5, 59
Suppose j + 3*b = 1609, -7*j + 8*j - 1611 = -2*b. What are the prime factors of j?
5, 17, 19
Let p(j) = 20*j**3 - j**2 - 2*j + 6. What are the prime factors of p(3)?
3, 59
What are the prime factors of 200052/288 + 3/8?
5, 139
Suppose -y + 12 = q, -y = -0*y + 3*q - 16. Let g be (-3 - -1) + -12*(-7)/28. Let o = y - g. List the prime factors of o.
3
Let l = 426 - 302. What are the prime factors of l?
2, 31
Let r = 4597 - 2754. List the prime factors of r.
19, 97
Suppose 5*o - h - 3 + 53 = 0, -5*h + 43 = -2*o. List the prime factors of (-330)/o*15/5.
2, 5, 11
Let z = 596 + -290. List the prime factors of z.
2, 3, 17
Let x = 27 - 12. Suppose -5*h + 3*y + 6 = 0, -5*h + 5*y + 17 = 7. Suppose -2*p + p + x = h. What are the prime factors of p?
3, 5
Suppose 8 = -s + 12. Suppose 142 = -3*c + 5*c - s*k, 2*c + 4*k = 110. Suppose 178 - c = 5*o. List the prime factors of o.
23
Suppose 17*c - 12438 = -c. What are the prime factors of c?
691
Suppose -d - 2 = -5. Suppose 3*i - 39 = d*s, 2*i + s - 32 = 6*s. List the prime factors of i.
11
Let o(y) = -y - 4. Let v be o(-7). Suppose -3*s = 0, -v*s = -3*w + 6*w. Suppose -4*r + 7*r - 27 = w. What are the prime factors of r?
3
Let t = 5 + -3. Suppose -5*o - 3 = -4*r, -o - 1 = -t*o. Suppose -3*j - 2*n + 75 = r*j, 0 = n. What are the prime factors of j?
3, 5
Let j(m) = 2*m + 1. Let s be j(4). List the prime factors of (-30)/(-1)*(s - 6).
2, 3, 5
Let r be (-5)/40 - (-2050)/16. Suppose -4*w + 1048 = r. List the prime factors of w.
2, 5, 23
Suppose 3*v - v - 4*r - 8 = 0, -5*v + 4*r + 14 = 0. Suppose g + v*t = 2, -t = g - 0*t - 7. List the prime factors of g.
2, 3
Let l = -31 - -22. Let x = 37 + l. Suppose o - 73 + x = 0. What are the prime factors of o?
3, 5
Suppose -2*l = -172 - 284. What are the prime factors of l?
2, 3, 19
List the prime factors of (-62620)/(-20) + (4 - 0)/1.
3, 5, 11, 19
Let l = -296 + 430. Let n = -53 + l. What are the prime factors of n?
3
Let s(w) = 51*w**2 + w. List the prime factors of s(-3).
2, 3, 19
Let k be (736/(-16))/(1/(-3)). Let n = k + -77. What are the prime factors of n?
61
Let m = -298 + 308. Supp